7 - 139) - -9).
-20
Calculate -261 - -174 - ((12 - 22) + -7).
-70
What is 24 - 1 - (2000 - 2012)?
35
Evaluate -29 + (2 + 12 - (5 - (4 - 13))).
-29
(1 - -6) + (1 - -3) + (-9 - (4 - 2))
0
What is 19 - 62 - (12 + (15 - (1 - -14)))?
-55
(-101 - -5) + 331 + -308 - (3 + -8 + -3)
-65
90 + (-13 - (-11 - (-19 + 25))) - 20
74
What is (0 + 20 - 6) + (183 - 184)?
13
Calculate 2 + (-81 - 0) - (-100985 - -101004).
-98
What is 42 + (-56 - -26) + 17?
29
What is the value of -5 + (-3 + 2 - (38 + -132 + 64))?
24
What is the value of -20 - 0 - (351 - 318) - -19 - 13?
-47
Calculate 81 - (187 - 98) - -49.
41
Calculate ((-6 - 1) + 19 + -15 - 6) + 2 + -2.
-9
What is -3 + 16 + -6 + 7 + -30?
-16
What is (-12 - -1) + 3 + -6 + -21?
-35
Calculate (-3 - (-9 + 0) - 12) + 1 + (-88 - -37).
-56
Calculate (-29 + 30 + 3 - -41) + 24.
69
Calculate 1 + 1 - (9 - 8 - 26) - (-27 - -30).
24
-1 + 2 + -2 + 7 - (-1 + -4 - -5)
6
0 - 1 - (2 + -18 - (-1181 - -1179))
13
(-2 - (0 - 5)) + (-11 + 4 - 25)
-29
-13 + 2 - (-12 - (-46 - 8))
-53
What is the value of 3 + 4 - 5 - (38 - (-20 + (-6 - -19)))?
-43
Calculate (58 - 4) + (-1 + -4 - -4) - (-317 - -313).
57
Evaluate 175 - 164 - (33 + -2).
-20
(-8 + -1 - 6) + -11 + 31 + -18
-13
What is -72 + -86 + 47 + 18?
-93
What is the value of (-34 - (-59 + 24)) + -18?
-17
What is the value of (64 - (-3 + 37)) + (-11 - (7 - (-2 + 6)))?
16
Evaluate 1 + (74 - 133) + -19.
-77
What is (8 - ((-7 - -2) + (3 - -15))) + 47 + -65?
-23
3 - (34 + -6) - (123 - 133)
-15
What is -6 + (9 - -1) + -6 + -14 + 5 + -41?
-52
(14 - ((40 - 8) + (-31 - -22))) + -58
-67
Evaluate -8 - ((7 - -1) + -285 + 263 + 23).
-17
What is the value of (4 - 3 - 18 - 17) + 17?
-17
Evaluate (30 - -3 - -1) + (226 - 220).
40
What is the value of 1 + 0 + 19 + -5 + (32 - 63 - -7)?
-9
What is 1 - 41 - (97 - (33 + 68))?
-36
What is 454 + -476 - (14 + -2)?
-34
-27 + 33 - (13 + 57 + 14)
-78
What is the value of 55 + (184 - (31 + 71))?
137
What is (157 - 147) + (-16 - 0) - (-41 - -9)?
26
Calculate -3 - (-157 + 170 - (1 - -14)).
-1
Calculate (-23 - (2 + 5 + -2)) + 212 + -217.
-33
What is the value of (4 + -5 - (-20 - (-24 - -22))) + 69?
86
Calculate 23 - (63 - (66 + -33)).
-7
Calculate -12 + 48 + (900 - 913 - (7 - -1)).
15
(10 - (20 + -36)) + -43
-17
What is -50 - 6 - (119 - 66 - 44)?
-65
Evaluate 12 + -9 - 76 - (29 - 57).
-45
5 + (9 - -20) + -47
-13
What is the value of -43 - (-45 - (-41 + -21))?
-60
(-8 - 0) + (24 - (25 + 4 + -20)) + -53
-46
Calculate 11 - (41 - 1 - (27 + -22 + -12)).
-36
Evaluate (22 - (13 - 6)) + 9 + -12.
12
What is the value of 6 + (-33 - -2) + (2 - (3 + -13 + 5))?
-18
140 + -189 - (-7 + -11)
-31
What is -40 + 14 + (77 - 89) + (12 - 1)?
-27
Calculate 11 + (-6 - (-8 + 10) - (-32 - 10)).
45
-38 - (-17 + -19) - -40
38
646 + -539 + (-78 - 0)
29
Evaluate -65 - 2 - (-108 + 23 + 71).
-53
(-33 - -7) + (41 - 37 - 19)
-41
What is (11 - (-2 + 6)) + (132 - 71)?
68
What is 5557 + -5572 - (-61 + (-2 - 0))?
48
Calculate 69 + (-3920 - -3914) + 4 + -3 + (-1 - -1).
64
(-1 + -4 + 2 + -1 - 31) + -2
-37
-58 + -19 + 10 + (24 - -5) + -8 - -9
-37
What is (140 - 109) + 6 + -7 + 17 + -7?
40
(5 - (-10 + 7)) + (0 - (-11 - -2)) + -37
-20
What is the value of (10 - -22) + (-238 - -96) - -8?
-102
What is the value of 29 + -7 + -32 - (1 - -7) - -7 - 66?
-77
Calculate (-12 - -12) + 47 + -10 + 7 + -9.
35
What is (-18 - (-22 + -7) - 20) + 64?
55
What is -6 + -8 + (9 - (5 - 9)) - -38?
37
Calculate -46 + -27 + 80 - 93.
-86
What is -74 - (-10 - (-9 + 0) - (-9 + 4))?
-78
What is 7 + -3 + (-9 - -23) + (-20 - (4 + -2))?
-4
Evaluate (51 - ((-70 - -39) + 7)) + -37.
38
What is the value of -44 + 21 + 64 + (1 - 36)?
6
Calculate 49 - (73 + -168 - -54).
90
What is the value of 90 - (-25 + (-67 - -269))?
-87
What is (-100 + 73 - -131) + -26 + -4?
74
What is the value of (-1303 - -1229) + (-8 - (1 + 0))?
-83
What is -12 + 2 + (8 - 4) + -3?
-9
Calculate -30 - (43 + (-18 - 16)).
-39
Evaluate (19 - -7) + (-16 - -3) + 16 - 9.
20
What is -16 - (-5 + -1 + (-3 - -2) - -57)?
-66
What is (-489447 - -489321) + 0 + (0 - -1) + 18?
-107
-124 - (202 - 99 - 148)
-79
-1 + (10 - 17) + (-4 - -10)
-2
Calculate (-41 + 42 - 54) + 112.
59
What is 14 - ((16 - 49) + 25 + -40)?
62
(-900 - -876) + (-1 - -16)
-9
6 + (-46 - (-73 + -36) - (-1 + -10)) + -11
69
What is -84 - -143 - (-3 + 10 + 14)?
38
What is 0 - (11 + 0) - (-49 - (31 - (16 - -31)))?
22
Evaluate -14 - (6 - (20 + (-1 - 0))).
-1
Evaluate (34 - (-23 - (-33 + -2)) - -2) + -157.
-133
-3 + (-40 - 1) + 23 + -3 + 19
-5
What is (-4 - (-22 - 0)) + (-73 - -105 - -16)?
66
What is the value of 2 + -7 + 1 + -7 + 18 + (23 - 1)?
29
What is 67 + -61 + (-10 - -8) + 12?
16
Calculate -1 + 41 - (-252 - -273) - 4.
15
-23 + 32 + (12 - 34) + 3 + 0
-10
What is 8 + -35 + 3 + (3 - (6 + -5 + -2))?
-20
Evaluate (-4 - -14) + -12 + 335 + -357.
-24
What is 29 + (1 + -3 + -1 - ((6 - -65) + -62))?
17
What is the value of 58 - ((-7 - 0) + 21 - -4)?
40
Evaluate -31 - ((-18 - -11) + 11) - (-9 - -5).
-31
Evaluate ((-17 - 8) + 13 - (3 - 29)) + 5.
19
What is the value of (-1 + 8 - -8) + -395 + 411?
31
What is 46 - (12 + 5 + 21 + -43)?
51
(-152 - (-15 - 20)) + 77
-40
What is the value of 47 - (11 + (33 - 14 - 3))?
20
What is -4 - (-26 + 20) - -67 - (3 + -6)?
72
What is the value of 2 - -42 - -14 - (20 - -11)?
27
What is (4 + -2 + -77 + 53 - -8) + 6?
-8
-24 - -33 - ((9 - 4) + -21 - 10)
35
Calculate -20 + 43 + 15 + -15 + (-1 - -7).
29
Evaluate (-41 - (49 - 122)) + (-29 - 5).
-2
Evaluate (-9 - -9 - -10) + -91 + 18.
-63
Calculate 196 + -208 + (8 + -4 - 0) + (0 - 13).
-21
What is -2 + 50 + (1041 - 1059)?
30
What is the value of 11 - 67 - 0 - 7?
-63
What is the value of (-38 - 73) + (159 - 74)?
-26
What is the value of -50 + 1 - (9202 - 9296)?
45
What is 9 + -10 - (45 - (5 + (9 - (15 + -7))))?
-40
Evaluate -697 + 651 + (50 - 3).
1
What is the value of (3 - (42 + -78)) + (-42 - -29) + 7 + -2?
31
What is the value of -4 - (-89 - -38 - -57)?
-10
Calculate (-43 - -37) + 5 + (8 - -2) + -2.
7
Calculate (-9 - -8) + -38 + 14 + -6 + 6.
-25
What is -36 + 45 - (21 - -1) - -4?
-9
What is 12 - -42 - 65 - (-3 + 61)?
-69
Evaluate 47 + -56 + -127 - -102.
-34
What is the value of (3 - 51) + (-12 - (-18 + 11 + 13) - -27)?
-39
What is 21 + -1 + 0 + 39 + (-881 - -926)?
104
(-10 - -171) + (3 - (69 + -31))
126
What is 4 - (-5 + 2) - (7 + 49 + -3)?
-46
What is 70 + (31 + -15 - 118)?
-32
What is the value of 8342 + -8333 + 0 + -5?
4
Calculate -9 + 2 - (-32 + 10 + 75 - 19).
-41
Evaluate -8 + 4 - -29 - (-46 - -90).
-19
What is 181 - (259 + -108) - (71 + 1)?
-42
Calculate -4 - ((24 - (-5 + 4 - -5)) + (-21 - -9)).
-12
What is the value of -12 - 47 - 9 - -44?
-24
Evaluate -2 + 2 + 13 - (-130 - (146 - 269)).
20
Evaluate 63 - (13 + 10 + (-21 - -13)).
48
Evaluate (-13 + (-7 - -69) - (8 - -3)) + -1 - -3.
40
What is 58 - (25 + 4 + 118)?
-89
Evaluate 19 + (-23 - (102 - 60)).
-46
Evaluate (-50 - (-225 - -150)) + (-1 + -2 - -1 - 2).
21
1019 + -946 + (-6 - 106)
-39
1 + (-7 + -85 - (3 - -10 - (-8 - -22)))
-90
9 + (26 - 26) + (9 - (-2 - -2))
18
(32 - 3) + -17 + -11 - (84 + -3 + 2)
-82
What is the value of (-13 - (22 - 37)) + 3 + 13 + -7?
11
What is the value of -9 - (-3 - 7) - (19 - 7 - 8)?
-3
Calculate (-10 - (4 - ((-7 - -76) + (3 - -2)))) + 7.
67
Evaluate 3 - (43 + 1 + -10 + 0 + -1).
-30
What is 90 + -17 + 9 + (-68 - -42)?
56
What is the value of (35 - 22) + -21 - (5 + -3 + -10 + 50)?
-50
Calculate -31 + -7 - (14 + -7).
-45
What is 70 + 1 - (-6028 - -6027)?
72
-5 - 1 - 11 - (88 - 72)
-33
47 + 37 + (-21 - 29 - -25)
59
Calculate 20 + (-27 - 9 - -22) + 32.
38
Calculate -568 + 558 - (-5 - (0 - -2)).
-3
17 + -18 + (0 - 1) + -47 + 60
11
Evaluate (-2 - (-11 + 15)) + -1 + 9 + 55 - 1.
56
(-82 - (-59 + 49)) + -1 + 0 + (-8 - -2)
-79
What is the value of 10 + -48 + (21 - (-9 - (9 + -28)))?
-27
Evaluate 22 - (-28 - ((-35 - 0) + 21 + 3)).
39
0 + -2 + (52 - (-85 + 34) - (12 - -1))
88
What is the value of -4 + (-1 + 10 - 2 - 1 - (-26 + -1))?
29
-121 - (47 + 19 + -95)
-92
Evaluate (-13 - (-33 - (-1 - -22))) + 1.
42
What is the value of 2 - 93 - ((45 - 95 - -78) + -3)?
-116
-1014 - -1003 - (39 + -1 - (-4 - -3))
-50
56 - (100 + -3 + -50)
9
Evaluate (3175 - 3333) + -2 + 156.
-4
Evaluate -2 + (15 - 10) - (-5 + 3 + 22 + 2).
-19
0 - (-33 - 1) - (-181 + (-66 - -228))
53
Evaluate 3 - -13 - (-129 + 172 -